 factor of 5329026?
True
Does 169 divide 13787865?
True
Does 628 divide 493011643?
False
Is 1446390 a multiple of 35?
False
Does 7 divide 2778978861?
False
Is 458 a factor of 214790817?
False
Is 1402318761 a multiple of 453?
False
Is 52 a factor of 13957320?
True
Is 217 a factor of 52372934?
False
Does 650 divide 3255850?
True
Is 54 a factor of 3235626?
True
Is 445 a factor of 5210818725?
True
Is 4331 a factor of 28676355?
False
Is 41747692 a multiple of 1543?
False
Does 10901 divide 3685715308?
True
Is 4098 a factor of 783831614?
False
Is 6619061 a multiple of 6?
False
Does 14 divide 6678770?
True
Does 5 divide 20377514?
False
Does 253 divide 4314662?
True
Is 462 a factor of 30606421?
False
Does 34 divide 51742934?
True
Is 1142 a factor of 150465282?
False
Does 335 divide 88074576?
False
Is 182 a factor of 3750765200?
True
Is 14 a factor of 56894110?
True
Does 5230 divide 515389340?
False
Is 28748863 a multiple of 143?
True
Is 7 a factor of 952972013?
True
Is 81537261 a multiple of 1364?
False
Is 42 a factor of 150652572?
True
Is 1066394728 a multiple of 6728?
True
Does 10 divide 25829230?
True
Does 11 divide 39958581?
False
Is 364453686 a multiple of 643?
True
Is 22216896 a multiple of 8?
True
Is 115439393 a multiple of 701?
False
Is 101 a factor of 2974573467?
False
Is 2184397 a multiple of 191?
False
Is 294 a factor of 95193672?
True
Does 298 divide 175267806?
True
Is 613447717 a multiple of 131?
True
Is 641802624 a multiple of 6?
True
Does 156 divide 61537044?
False
Is 241 a factor of 557778?
False
Is 106 a factor of 969632880?
True
Is 34 a factor of 220261484?
False
Does 29 divide 535452897?
True
Is 6880312 a multiple of 244?
True
Does 32 divide 35486058?
False
Does 6 divide 2274487?
False
Does 1684 divide 167025856?
True
Is 10346 a factor of 1115681602?
True
Is 356018328 a multiple of 9?
True
Is 328 a factor of 72049646?
False
Does 64 divide 14680704?
True
Does 74 divide 21643622?
False
Is 3498508323 a multiple of 60?
False
Does 320 divide 34935827?
False
Does 6 divide 18671506?
False
Is 2487611616 a multiple of 2744?
True
Is 19 a factor of 59693288?
True
Is 248684908 a multiple of 4?
True
Is 48248944 a multiple of 4?
True
Is 1977875 a multiple of 7?
False
Is 3031 a factor of 3186974049?
False
Is 892189198 a multiple of 43?
True
Is 319 a factor of 65832394?
False
Does 24 divide 144627345?
False
Does 16 divide 15963193?
False
Does 1072 divide 31066560?
True
Is 11757750 a multiple of 407?
False
Does 44 divide 2444040035?
False
Does 12 divide 943741944?
True
Is 346785729 a multiple of 67?
False
Does 1069 divide 503082090?
True
Is 31492704 a multiple of 184?
True
Is 336625536 a multiple of 13?
True
Is 53636554 a multiple of 9?
False
Is 173029754 a multiple of 92?
False
Does 144 divide 972121104?
True
Is 350 a factor of 2566353373?
False
Is 51 a factor of 14977833?
True
Is 56036376 a multiple of 11?
True
Does 10 divide 16975870?
True
Is 20 a factor of 1897329?
False
Does 2 divide 1163075811?
False
Does 1888 divide 248876588?
False
Does 188 divide 4008964?
False
Is 130876066 a multiple of 38?
True
Is 234538275 a multiple of 15?
True
Is 1006878128 a multiple of 687?
False
Is 411488714 a multiple of 1378?
True
Does 955 divide 139441397?
False
Does 6 divide 612897254?
False
Does 456 divide 328533864?
True
Does 15 divide 384528150?
True
Is 44 a factor of 99145156?
True
Is 476 a factor of 4519075941?
False
Is 629 a factor of 643960136?
True
Does 75 divide 33633942?
False
Is 690 a factor of 2422326803?
False
Is 77274648 a multiple of 2?
True
Is 346317855 a multiple of 1363?
True
Does 66 divide 60621990?
True
Is 30 a factor of 5548415?
False
Does 129 divide 61269252?
False
Is 1126724027 a multiple of 13?
True
Does 2809 divide 4614989871?
False
Is 810 a factor of 201382772?
False
Does 153 divide 2447027?
False
Does 96 divide 67517862?
False
Is 420919966 a multiple of 73?
False
Is 2520 a factor of 48512520?
True
Does 6 divide 503157865?
False
Is 3695970 a multiple of 17?
True
Is 23 a factor of 349291859?
False
Does 83 divide 1386490410?
False
Does 63 divide 162616797?
True
Is 124 a factor of 31087361?
False
Does 90 divide 1335688297?
False
Is 4920 a factor of 468905520?
True
Is 26 a factor of 1442380447?
False
Is 56 a factor of 72841440?
True
Is 4978980 a multiple of 948?
False
Is 453 a factor of 955537120?
False
Is 2926 a factor of 874136996?
False
Does 26 divide 8365377?
False
Is 22 a factor of 95855179?
False
Does 3432 divide 68800733?
False
Is 168280560 a multiple of 90?
True
Does 4415 divide 2340395152?
False
Does 39 divide 1175614263?
False
Does 332 divide 23944504?
True
Does 5 divide 245466923?
False
Does 586 divide 18323986?
False
Does 581 divide 11549449?
False
Does 25 divide 555937835?
False
Does 782 divide 15508624?
True
Is 1274 a factor of 58515741?
False
Is 559355 a multiple of 131?
False
Does 325 divide 2386141875?
True
Does 60 divide 111052620?
True
Does 33 divide 4714671?
False
Does 49 divide 5872678880?
False
Is 80782616 a multiple of 60?
False
Is 17446347 a multiple of 7?
False
Is 4327326 a multiple of 3?
True
Does 202 divide 19185152?
True
Is 265 a factor of 426568976?
False
Does 331 divide 81139802?
False
Is 439921248 a multiple of 62?
True
Is 146 a factor of 69985976?
True
Does 736 divide 842880278?
False
Does 5 divide 16432533?
False
Does 189 divide 264924324?
True
Is 2628831829 a multiple of 110?
False
Is 755066545 a multiple of 4415?
True
Is 276 a factor of 4339502432?
False
Does 556 divide 1784152033?
False
Does 1587 divide 34775931?
True
Does 86 divide 130230832?
True
Is 590765594 a multiple of 99?
False
Does 3627 divide 1316234673?
True
Does 123 divide 9227952?
True
Does 5578 divide 1236795385?
False
Does 3700 divide 2900532841?
False
Is 233 a factor of 2629671?
False
Is 155429711 a multiple of 18?
False
Does 9 divide 470354634?
True
Is 15 a factor of 162606671?
False
Does 16 divide 167086515?
False
Is 2816 a factor of 342814100?
False
Is 20200111 a multiple of 44?
False
Is 45 a factor of 32711490?
True
Is 6 a factor of 66029412?
True
Does 10 divide 1654827358?
False
Is 105 a factor of 22037190?
True
Does 1610 divide 340318225?
False
Is 3093 a factor of 417570386?
False
Is 10 a factor of 476585714?
False
Does 52 divide 710230374?
False
Does 2875 divide 101808342?
False
Is 390987359 a multiple of 18?
False
Does 443 divide 66126329?
False
Is 13 a factor of 2964307138?
True
Does 3 divide 323775122?
False
Is 11742017 a multiple of 16?
False
Is 35670228 a multiple of 22?
True
Is 450 a factor of 712781100?
True
Is 18889728 a multiple of 26?
True
Is 140071425 a multiple of 407?
False
Is 4514714 a multiple of 317?
True
Does 12 divide 17488392?
True
Is 17172859 a multiple of 11?
True
Is 26474475 a multiple of 535?
True
Does 76 divide 568572590?
False
Does 73 divide 2719448954?
False
Is 24473302 a multiple of 119?
True
Does 8 divide 3127478?
False
Does 21 divide 7301552076?
True
Is 414 a factor of 409616568?
True
Is 512238297 a multiple of 37?
False
Is 68 a factor of 22359591?
False
Is 6 a factor of 1522679179?
False
Is 1746835510 a multiple of 46?
True
Is 543257550 a multiple of 30?
True
Is 408109614 a multiple of 6645?
False
Is 144 a factor of 16503549?
False
Is 341 a factor of 1815101057?
True
Does 92 divide 66803941?
False
Does 2 divide 5646555?
False
Is 510141668 a multiple of 41?
False
Does 402 divide 550443324?
True
Is 2 a factor of 5287047?
False
Is 36 a factor of 574428717?
False
Does 10 divide 1299377174?
False
Is 2102 a factor of 184297054?
True
Is 86685249 a multiple of 141?
True
Is 2181640328 a multiple of 739?
True
Is 1614491694 a multiple of 5504?
False
Does 4096 divide 744377552?
False
Is 138 a factor of 1794?
True
Is 221 a factor of 138467055?
False
Does 27 divide 37983330?
True
Is 174648888 a multiple of 204?
True
Is 159 a factor of 1450155170?
False
Is 817 a factor of 56387089?
False
Does 155 divide 66046828?
False
Is 7 a factor of 2592016?
True
Is 66 a factor of 2570528538?
False
Is 22 a factor of 1664770800?
True
Does 52 divide 122251577?
False
Is 38549700 a multiple of 175?
True
Does 165 divide 113228813?
False
Is 19 a factor of 3666212?
False
Is 1278074687 a multiple of 12?
False
Is 1019 a factor of 134035007?
False
Is 80868528 a multiple of 85?
False
Does 47 divide 77979315?
False
Does 12 divide 504996676?